{"id":49,"date":"2015-06-16T08:10:06","date_gmt":"2015-06-16T07:10:06","guid":{"rendered":"http:\/\/aulatal.nl\/aulatal-duits\/?page_id=49"},"modified":"2018-06-11T07:56:30","modified_gmt":"2018-06-11T06:56:30","slug":"der-park","status":"publish","type":"page","link":"https:\/\/www.aulatal.nl\/aulatal-duits\/der-park\/","title":{"rendered":"Der park"},"content":{"rendered":"<div class=\"wpb-content-wrapper\"><p>[vc_row][vc_column width=&#8220;2\/3&#8243;][vc_column_text]Ferienpark Aulatal liegt 1,5 km von Luftkurort Oberaula entfernt, im pr\u00e4chtigen Hessischen Kn\u00fcllgebirge, etwa 60 km unter Kassel auf der H\u00f6he von Bad Hersfeld.<\/p>\n<p>Oberaula ist ein gem\u00fctliches Dorf mit 3 Superm\u00e4rkten und gem\u00fctlichen Restaurants. Im Dorf Oberaula befindet sich ein beheiztes Freibad (1,5 km vom Park entfernt), ein Hallenbad mit Sauna, eine Tennis\/Squashhalle und eine Reitschule.[\/vc_column_text][\/vc_column][vc_column width=&#8220;1\/3&#8243;][vc_images_carousel images=&#8220;374&#8243; img_size=&#8220;full&#8220; slides_per_view=&#8220;0&#8243; hide_pagination_control=&#8220;yes&#8220; hide_prev_next_buttons=&#8220;yes&#8220;][vc_column_text]<\/p>\n<h5 style=\"text-align: center\">Oberaula<\/h5>\n<p>[\/vc_column_text][\/vc_column][\/vc_row][vc_row][vc_column width=&#8220;1\/3&#8243;][vc_images_carousel images=&#8220;345&#8243; img_size=&#8220;full&#8220; slides_per_view=&#8220;0&#8243; autoplay=&#8220;yes&#8220; hide_pagination_control=&#8220;yes&#8220; hide_prev_next_buttons=&#8220;yes&#8220;][vc_column_text]<\/p>\n<h5 style=\"text-align: center\">Aussicht auf Park<\/h5>\n<p>[\/vc_column_text][\/vc_column][vc_column width=&#8220;2\/3&#8243;][vc_column_text]In der Hessenstube auf dem Park gibt es eine Kegelbahn und eine Sauna.\u00a0<a href=\"http:\/\/www.oberaula.de\/\" target=\"_blank\" rel=\"noopener\">www.oberaula.de.<\/a><\/p>\n<p>Das Gebiet wird gekennzeichnet durch ein pr\u00e4chtiges Mittelgebirge (600m H\u00f6he) und viele Fachwerkh\u00e4user, Burgen und Ruinen.<\/p>\n<p>Der Park ist ruhig und sehr gepflegt, ein Teil des Parks wird im Moment ganzj\u00e4hrig bewohnt, ein Teil wird vermietet an Urlaubern und ein Teil wird als zweite Wohnung verwendet. Hier genie\u00dfen Sie Ruhe und Natur und k\u00f6nnen Sie pr\u00e4chtige Spazierg\u00e4nge oder Radtouren machen.<\/p>\n<p>Die direkte Umgebung bietet viele M\u00f6glichkeiten f\u00fcr Entspannung und Ausfl\u00fcge[\/vc_column_text][\/vc_column][\/vc_row][vc_row][vc_column][vc_cta h2=&#8220;&#8220; add_button=&#8220;right&#8220; btn_title=&#8220;Kontakt&#8220; btn_color=&#8220;blue&#8220; btn_link=&#8220;url:http%3A%2F%2Faulatal.nl%2Faulatal-duits%2Fkontakt%2F|title:Kontakt|&#8220;]F\u00fcr Kommentare oder Fragen \u00fcber den Park und Oberaula z\u00f6gern Sie nicht, uns \u00fcber unser Kontaktformular[\/vc_cta][vc_row_inner][vc_column_inner width=&#8220;1\/3&#8243;][vc_images_carousel images=&#8220;376&#8243; img_size=&#8220;full&#8220; autoplay=&#8220;yes&#8220; hide_pagination_control=&#8220;yes&#8220; hide_prev_next_buttons=&#8220;yes&#8220;][vc_column_text]<\/p>\n<h5 style=\"text-align: center\">Teig beim\u00a0park<\/h5>\n<p>[\/vc_column_text][\/vc_column_inner][vc_column_inner width=&#8220;1\/3&#8243;][vc_images_carousel images=&#8220;379&#8243; img_size=&#8220;full&#8220; autoplay=&#8220;yes&#8220; hide_pagination_control=&#8220;yes&#8220; hide_prev_next_buttons=&#8220;yes&#8220;][vc_column_text]<\/p>\n<h5 style=\"text-align: center\">Gem\u00fctliche Terrasse<\/h5>\n<p>[\/vc_column_text][\/vc_column_inner][vc_column_inner width=&#8220;1\/3&#8243;][vc_images_carousel images=&#8220;382&#8243; img_size=&#8220;full&#8220; slides_per_view=&#8220;0&#8243; autoplay=&#8220;yes&#8220; hide_pagination_control=&#8220;yes&#8220; hide_prev_next_buttons=&#8220;yes&#8220;][vc_column_text]<\/p>\n<h5 style=\"text-align: center\">Schwimmbad<\/h5>\n<p>[\/vc_column_text][\/vc_column_inner][\/vc_row_inner][\/vc_column][\/vc_row]<\/p>\n<\/div>","protected":false},"excerpt":{"rendered":"<p>[vc_row][vc_column width=&#8220;2\/3&#8243;][vc_column_text]Ferienpark Aulatal liegt 1,5 km von Luftkurort Oberaula entfernt, im pr\u00e4chtigen Hessischen Kn\u00fcllgebirge, etwa 60 km unter Kassel auf der H\u00f6he von Bad Hersfeld. Oberaula ist ein gem\u00fctliches Dorf mit 3 Superm\u00e4rkten und gem\u00fctlichen Restaurants. Im Dorf Oberaula befindet sich ein beheiztes Freibad (1,5 km vom Park entfernt), ein Hallenbad mit Sauna, eine Tennis\/Squashhalle [&hellip;]<\/p>\n","protected":false},"author":1,"featured_media":400,"parent":0,"menu_order":0,"comment_status":"closed","ping_status":"open","template":"page-header-width.php","meta":{"footnotes":""},"class_list":["post-49","page","type-page","status-publish","has-post-thumbnail","hentry"],"yoast_head":"<!-- This site is optimized with the Yoast SEO plugin v27.0 - https:\/\/yoast.com\/product\/yoast-seo-wordpress\/ -->\n<title>Der park - aulatal duits<\/title>\n<meta name=\"robots\" content=\"index, follow, max-snippet:-1, max-image-preview:large, max-video-preview:-1\" \/>\n<link rel=\"canonical\" href=\"https:\/\/www.aulatal.nl\/aulatal-duits\/der-park\/\" \/>\n<meta property=\"og:locale\" content=\"de_DE\" \/>\n<meta property=\"og:type\" content=\"article\" \/>\n<meta property=\"og:title\" content=\"Der park - aulatal duits\" \/>\n<meta property=\"og:description\" content=\"[vc_row][vc_column width=&#8220;2\/3&#8243;][vc_column_text]Ferienpark Aulatal liegt 1,5 km von Luftkurort Oberaula entfernt, im pr\u00e4chtigen Hessischen Kn\u00fcllgebirge, etwa 60 km unter Kassel auf der H\u00f6he von Bad Hersfeld. Oberaula ist ein gem\u00fctliches Dorf mit 3 Superm\u00e4rkten und gem\u00fctlichen Restaurants. Im Dorf Oberaula befindet sich ein beheiztes Freibad (1,5 km vom Park entfernt), ein Hallenbad mit Sauna, eine Tennis\/Squashhalle [&hellip;]\" \/>\n<meta property=\"og:url\" content=\"https:\/\/www.aulatal.nl\/aulatal-duits\/der-park\/\" \/>\n<meta property=\"og:site_name\" content=\"aulatal duits\" \/>\n<meta property=\"article:modified_time\" content=\"2018-06-11T06:56:30+00:00\" \/>\n<meta property=\"og:image\" content=\"https:\/\/www.aulatal.nl\/aulatal-duits\/images\/sites\/4\/2015\/06\/terras-header.jpg\" \/>\n\t<meta property=\"og:image:width\" content=\"1975\" \/>\n\t<meta property=\"og:image:height\" content=\"400\" \/>\n\t<meta property=\"og:image:type\" content=\"image\/jpeg\" \/>\n<meta name=\"twitter:card\" content=\"summary_large_image\" \/>\n<meta name=\"twitter:label1\" content=\"Gesch\u00e4tzte Lesezeit\" \/>\n\t<meta name=\"twitter:data1\" content=\"2\u00a0Minuten\" \/>\n<script type=\"application\/ld+json\" class=\"yoast-schema-graph\">{\"@context\":\"https:\/\/schema.org\",\"@graph\":[{\"@type\":\"WebPage\",\"@id\":\"https:\/\/www.aulatal.nl\/aulatal-duits\/der-park\/\",\"url\":\"https:\/\/www.aulatal.nl\/aulatal-duits\/der-park\/\",\"name\":\"Der park - aulatal duits\",\"isPartOf\":{\"@id\":\"https:\/\/www.aulatal.nl\/aulatal-duits\/#website\"},\"primaryImageOfPage\":{\"@id\":\"https:\/\/www.aulatal.nl\/aulatal-duits\/der-park\/#primaryimage\"},\"image\":{\"@id\":\"https:\/\/www.aulatal.nl\/aulatal-duits\/der-park\/#primaryimage\"},\"thumbnailUrl\":\"https:\/\/www.aulatal.nl\/aulatal-duits\/images\/sites\/4\/2015\/06\/terras-header.jpg\",\"datePublished\":\"2015-06-16T07:10:06+00:00\",\"dateModified\":\"2018-06-11T06:56:30+00:00\",\"breadcrumb\":{\"@id\":\"https:\/\/www.aulatal.nl\/aulatal-duits\/der-park\/#breadcrumb\"},\"inLanguage\":\"de\",\"potentialAction\":[{\"@type\":\"ReadAction\",\"target\":[\"https:\/\/www.aulatal.nl\/aulatal-duits\/der-park\/\"]}]},{\"@type\":\"ImageObject\",\"inLanguage\":\"de\",\"@id\":\"https:\/\/www.aulatal.nl\/aulatal-duits\/der-park\/#primaryimage\",\"url\":\"https:\/\/www.aulatal.nl\/aulatal-duits\/images\/sites\/4\/2015\/06\/terras-header.jpg\",\"contentUrl\":\"https:\/\/www.aulatal.nl\/aulatal-duits\/images\/sites\/4\/2015\/06\/terras-header.jpg\",\"width\":1975,\"height\":400},{\"@type\":\"BreadcrumbList\",\"@id\":\"https:\/\/www.aulatal.nl\/aulatal-duits\/der-park\/#breadcrumb\",\"itemListElement\":[{\"@type\":\"ListItem\",\"position\":1,\"name\":\"Startseite\",\"item\":\"https:\/\/www.aulatal.nl\/aulatal-duits\/\"},{\"@type\":\"ListItem\",\"position\":2,\"name\":\"Der park\"}]},{\"@type\":\"WebSite\",\"@id\":\"https:\/\/www.aulatal.nl\/aulatal-duits\/#website\",\"url\":\"https:\/\/www.aulatal.nl\/aulatal-duits\/\",\"name\":\"aulatal duits\",\"description\":\"Een andere Aulatal websites site\",\"potentialAction\":[{\"@type\":\"SearchAction\",\"target\":{\"@type\":\"EntryPoint\",\"urlTemplate\":\"https:\/\/www.aulatal.nl\/aulatal-duits\/?s={search_term_string}\"},\"query-input\":{\"@type\":\"PropertyValueSpecification\",\"valueRequired\":true,\"valueName\":\"search_term_string\"}}],\"inLanguage\":\"de\"}]}<\/script>\n<!-- \/ Yoast SEO plugin. -->","yoast_head_json":{"title":"Der park - aulatal duits","robots":{"index":"index","follow":"follow","max-snippet":"max-snippet:-1","max-image-preview":"max-image-preview:large","max-video-preview":"max-video-preview:-1"},"canonical":"https:\/\/www.aulatal.nl\/aulatal-duits\/der-park\/","og_locale":"de_DE","og_type":"article","og_title":"Der park - aulatal duits","og_description":"[vc_row][vc_column width=&#8220;2\/3&#8243;][vc_column_text]Ferienpark Aulatal liegt 1,5 km von Luftkurort Oberaula entfernt, im pr\u00e4chtigen Hessischen Kn\u00fcllgebirge, etwa 60 km unter Kassel auf der H\u00f6he von Bad Hersfeld. Oberaula ist ein gem\u00fctliches Dorf mit 3 Superm\u00e4rkten und gem\u00fctlichen Restaurants. Im Dorf Oberaula befindet sich ein beheiztes Freibad (1,5 km vom Park entfernt), ein Hallenbad mit Sauna, eine Tennis\/Squashhalle [&hellip;]","og_url":"https:\/\/www.aulatal.nl\/aulatal-duits\/der-park\/","og_site_name":"aulatal duits","article_modified_time":"2018-06-11T06:56:30+00:00","og_image":[{"width":1975,"height":400,"url":"https:\/\/www.aulatal.nl\/aulatal-duits\/images\/sites\/4\/2015\/06\/terras-header.jpg","type":"image\/jpeg"}],"twitter_card":"summary_large_image","twitter_misc":{"Gesch\u00e4tzte Lesezeit":"2\u00a0Minuten"},"schema":{"@context":"https:\/\/schema.org","@graph":[{"@type":"WebPage","@id":"https:\/\/www.aulatal.nl\/aulatal-duits\/der-park\/","url":"https:\/\/www.aulatal.nl\/aulatal-duits\/der-park\/","name":"Der park - aulatal duits","isPartOf":{"@id":"https:\/\/www.aulatal.nl\/aulatal-duits\/#website"},"primaryImageOfPage":{"@id":"https:\/\/www.aulatal.nl\/aulatal-duits\/der-park\/#primaryimage"},"image":{"@id":"https:\/\/www.aulatal.nl\/aulatal-duits\/der-park\/#primaryimage"},"thumbnailUrl":"https:\/\/www.aulatal.nl\/aulatal-duits\/images\/sites\/4\/2015\/06\/terras-header.jpg","datePublished":"2015-06-16T07:10:06+00:00","dateModified":"2018-06-11T06:56:30+00:00","breadcrumb":{"@id":"https:\/\/www.aulatal.nl\/aulatal-duits\/der-park\/#breadcrumb"},"inLanguage":"de","potentialAction":[{"@type":"ReadAction","target":["https:\/\/www.aulatal.nl\/aulatal-duits\/der-park\/"]}]},{"@type":"ImageObject","inLanguage":"de","@id":"https:\/\/www.aulatal.nl\/aulatal-duits\/der-park\/#primaryimage","url":"https:\/\/www.aulatal.nl\/aulatal-duits\/images\/sites\/4\/2015\/06\/terras-header.jpg","contentUrl":"https:\/\/www.aulatal.nl\/aulatal-duits\/images\/sites\/4\/2015\/06\/terras-header.jpg","width":1975,"height":400},{"@type":"BreadcrumbList","@id":"https:\/\/www.aulatal.nl\/aulatal-duits\/der-park\/#breadcrumb","itemListElement":[{"@type":"ListItem","position":1,"name":"Startseite","item":"https:\/\/www.aulatal.nl\/aulatal-duits\/"},{"@type":"ListItem","position":2,"name":"Der park"}]},{"@type":"WebSite","@id":"https:\/\/www.aulatal.nl\/aulatal-duits\/#website","url":"https:\/\/www.aulatal.nl\/aulatal-duits\/","name":"aulatal duits","description":"Een andere Aulatal websites site","potentialAction":[{"@type":"SearchAction","target":{"@type":"EntryPoint","urlTemplate":"https:\/\/www.aulatal.nl\/aulatal-duits\/?s={search_term_string}"},"query-input":{"@type":"PropertyValueSpecification","valueRequired":true,"valueName":"search_term_string"}}],"inLanguage":"de"}]}},"_links":{"self":[{"href":"https:\/\/www.aulatal.nl\/aulatal-duits\/wp-json\/wp\/v2\/pages\/49","targetHints":{"allow":["GET"]}}],"collection":[{"href":"https:\/\/www.aulatal.nl\/aulatal-duits\/wp-json\/wp\/v2\/pages"}],"about":[{"href":"https:\/\/www.aulatal.nl\/aulatal-duits\/wp-json\/wp\/v2\/types\/page"}],"author":[{"embeddable":true,"href":"https:\/\/www.aulatal.nl\/aulatal-duits\/wp-json\/wp\/v2\/users\/1"}],"replies":[{"embeddable":true,"href":"https:\/\/www.aulatal.nl\/aulatal-duits\/wp-json\/wp\/v2\/comments?post=49"}],"version-history":[{"count":10,"href":"https:\/\/www.aulatal.nl\/aulatal-duits\/wp-json\/wp\/v2\/pages\/49\/revisions"}],"predecessor-version":[{"id":529,"href":"https:\/\/www.aulatal.nl\/aulatal-duits\/wp-json\/wp\/v2\/pages\/49\/revisions\/529"}],"wp:featuredmedia":[{"embeddable":true,"href":"https:\/\/www.aulatal.nl\/aulatal-duits\/wp-json\/wp\/v2\/media\/400"}],"wp:attachment":[{"href":"https:\/\/www.aulatal.nl\/aulatal-duits\/wp-json\/wp\/v2\/media?parent=49"}],"curies":[{"name":"wp","href":"https:\/\/api.w.org\/{rel}","templated":true}]}}