{"id":42,"date":"2015-06-16T08:03:53","date_gmt":"2015-06-16T07:03:53","guid":{"rendered":"http:\/\/aulatal.nl\/aulatal-duits\/?page_id=42"},"modified":"2024-10-30T17:07:02","modified_gmt":"2024-10-30T16:07:02","slug":"bungalow-96","status":"publish","type":"page","link":"https:\/\/www.aulatal.nl\/aulatal-duits\/bungalow-96\/","title":{"rendered":"Bungalow 96"},"content":{"rendered":"<div class=\"wpb-content-wrapper\"><p>[vc_row][vc_column][vc_column_text]Bungalow 96 hat eine bequeme Einrichtung und verf\u00fcgt \u00fcber ein ger\u00e4umiges Wohnzimmer mit offener K\u00fcche, Kamin, Fernsehen, zwei Schlafzimmer (5 Pers.), Badezimmer und Privatgarten mit Terrasse nach S\u00fcden.[\/vc_column_text][\/vc_column][\/vc_row][vc_row][vc_column width=&#8220;1\/3&#8243;][vc_column_text]<\/p>\n<h4>offene K\u00fcche:<\/h4>\n<p>Gaskocher (4 Br.), Ofen, Mikrowelle, K\u00fchlschr.\/Gefrierfach<\/p>\n<h4>Heizung:<\/h4>\n<p>Kamin und Zentralheizung<\/p>\n<h4>Fernsehen:<\/h4>\n<p>Ja<\/p>\n<h4>2 Schlafzimmer:<\/h4>\n<p>1 Doppelbed + 1 Einzelbett und 1 Etagenbett<\/p>\n<h4>Anzahl von Personen:<\/h4>\n<p>5[\/vc_column_text][\/vc_column][vc_column width=&#8220;1\/3&#8243;][vc_column_text]<\/p>\n<h4>Badezimmer:<\/h4>\n<p>Ja, Dusche, Toilette und Waschbecken<\/p>\n<h4>Privatarten:<\/h4>\n<p>Ja, nach S\u00fcden<\/p>\n<h4>Terrasse:<\/h4>\n<p>ja<\/p>\n<h4>Haustiere:<\/h4>\n<p>erlaubt[\/vc_column_text][\/vc_column][vc_column width=&#8220;1\/3&#8243;][vc_images_carousel images=&#8220;354,356,492,493,494,495,365&#8243; img_size=&#8220;350&#215;200&#8243;][\/vc_column][\/vc_row][vc_row][vc_column][vc_column_text]<\/p>\n<h2>Verf\u00fcgbarkeit Bungalow 96<\/h2>\n<p>[\/vc_column_text][\/vc_column][\/vc_row][vc_row][vc_column][vc_cta h2=&#8220;&#8220; add_button=&#8220;right&#8220; btn_title=&#8220;Buche jetzt&#8220; btn_color=&#8220;blue&#8220; btn_link=&#8220;url:http%3A%2F%2Faulatal.nl%2Faulatal-duits%2Fkontakt%2F|title:Buche%20jetzt|&#8220;]Neem vrijblijvend contact op voor meer informatie of vragen via het contactformulier[\/vc_cta][\/vc_column][\/vc_row]<\/p>\n<\/div>","protected":false},"excerpt":{"rendered":"<p>[vc_row][vc_column][vc_column_text]Bungalow 96 hat eine bequeme Einrichtung und verf\u00fcgt \u00fcber ein ger\u00e4umiges Wohnzimmer mit offener K\u00fcche, Kamin, Fernsehen, zwei Schlafzimmer (5 Pers.), Badezimmer und Privatgarten mit Terrasse nach S\u00fcden.[\/vc_column_text][\/vc_column][\/vc_row][vc_row][vc_column width=&#8220;1\/3&#8243;][vc_column_text] offene K\u00fcche: Gaskocher (4 Br.), Ofen, Mikrowelle, K\u00fchlschr.\/Gefrierfach Heizung: Kamin und Zentralheizung Fernsehen: Ja 2 Schlafzimmer: 1 Doppelbed + 1 Einzelbett und 1 Etagenbett Anzahl von [&hellip;]<\/p>\n","protected":false},"author":1,"featured_media":423,"parent":0,"menu_order":0,"comment_status":"closed","ping_status":"open","template":"page-header-width.php","meta":{"footnotes":""},"class_list":["post-42","page","type-page","status-publish","has-post-thumbnail","hentry"],"yoast_head":"<!-- This site is optimized with the Yoast SEO plugin v27.0 - https:\/\/yoast.com\/product\/yoast-seo-wordpress\/ -->\n<title>Bungalow 96 - aulatal duits<\/title>\n<meta name=\"robots\" content=\"index, follow, max-snippet:-1, max-image-preview:large, max-video-preview:-1\" \/>\n<link rel=\"canonical\" href=\"https:\/\/www.aulatal.nl\/aulatal-duits\/bungalow-96\/\" \/>\n<meta property=\"og:locale\" content=\"de_DE\" \/>\n<meta property=\"og:type\" content=\"article\" \/>\n<meta property=\"og:title\" content=\"Bungalow 96 - aulatal duits\" \/>\n<meta property=\"og:description\" content=\"[vc_row][vc_column][vc_column_text]Bungalow 96 hat eine bequeme Einrichtung und verf\u00fcgt \u00fcber ein ger\u00e4umiges Wohnzimmer mit offener K\u00fcche, Kamin, Fernsehen, zwei Schlafzimmer (5 Pers.), Badezimmer und Privatgarten mit Terrasse nach S\u00fcden.[\/vc_column_text][\/vc_column][\/vc_row][vc_row][vc_column width=&#8220;1\/3&#8243;][vc_column_text] offene K\u00fcche: Gaskocher (4 Br.), Ofen, Mikrowelle, K\u00fchlschr.\/Gefrierfach Heizung: Kamin und Zentralheizung Fernsehen: Ja 2 Schlafzimmer: 1 Doppelbed + 1 Einzelbett und 1 Etagenbett Anzahl von [&hellip;]\" \/>\n<meta property=\"og:url\" content=\"https:\/\/www.aulatal.nl\/aulatal-duits\/bungalow-96\/\" \/>\n<meta property=\"og:site_name\" content=\"aulatal duits\" \/>\n<meta property=\"article:modified_time\" content=\"2024-10-30T16:07:02+00:00\" \/>\n<meta property=\"og:image\" content=\"https:\/\/www.aulatal.nl\/aulatal-duits\/images\/sites\/4\/2015\/06\/bungalow-96-header.jpg\" \/>\n\t<meta property=\"og:image:width\" content=\"1975\" \/>\n\t<meta property=\"og:image:height\" content=\"350\" \/>\n\t<meta property=\"og:image:type\" content=\"image\/jpeg\" \/>\n<meta name=\"twitter:card\" content=\"summary_large_image\" \/>\n<meta name=\"twitter:label1\" content=\"Gesch\u00e4tzte Lesezeit\" \/>\n\t<meta name=\"twitter:data1\" content=\"3\u00a0Minuten\" \/>\n<script type=\"application\/ld+json\" class=\"yoast-schema-graph\">{\"@context\":\"https:\/\/schema.org\",\"@graph\":[{\"@type\":\"WebPage\",\"@id\":\"https:\/\/www.aulatal.nl\/aulatal-duits\/bungalow-96\/\",\"url\":\"https:\/\/www.aulatal.nl\/aulatal-duits\/bungalow-96\/\",\"name\":\"Bungalow 96 - aulatal duits\",\"isPartOf\":{\"@id\":\"https:\/\/www.aulatal.nl\/aulatal-duits\/#website\"},\"primaryImageOfPage\":{\"@id\":\"https:\/\/www.aulatal.nl\/aulatal-duits\/bungalow-96\/#primaryimage\"},\"image\":{\"@id\":\"https:\/\/www.aulatal.nl\/aulatal-duits\/bungalow-96\/#primaryimage\"},\"thumbnailUrl\":\"https:\/\/www.aulatal.nl\/aulatal-duits\/images\/sites\/4\/2015\/06\/bungalow-96-header.jpg\",\"datePublished\":\"2015-06-16T07:03:53+00:00\",\"dateModified\":\"2024-10-30T16:07:02+00:00\",\"breadcrumb\":{\"@id\":\"https:\/\/www.aulatal.nl\/aulatal-duits\/bungalow-96\/#breadcrumb\"},\"inLanguage\":\"de\",\"potentialAction\":[{\"@type\":\"ReadAction\",\"target\":[\"https:\/\/www.aulatal.nl\/aulatal-duits\/bungalow-96\/\"]}]},{\"@type\":\"ImageObject\",\"inLanguage\":\"de\",\"@id\":\"https:\/\/www.aulatal.nl\/aulatal-duits\/bungalow-96\/#primaryimage\",\"url\":\"https:\/\/www.aulatal.nl\/aulatal-duits\/images\/sites\/4\/2015\/06\/bungalow-96-header.jpg\",\"contentUrl\":\"https:\/\/www.aulatal.nl\/aulatal-duits\/images\/sites\/4\/2015\/06\/bungalow-96-header.jpg\",\"width\":1975,\"height\":350},{\"@type\":\"BreadcrumbList\",\"@id\":\"https:\/\/www.aulatal.nl\/aulatal-duits\/bungalow-96\/#breadcrumb\",\"itemListElement\":[{\"@type\":\"ListItem\",\"position\":1,\"name\":\"Startseite\",\"item\":\"https:\/\/www.aulatal.nl\/aulatal-duits\/\"},{\"@type\":\"ListItem\",\"position\":2,\"name\":\"Bungalow 96\"}]},{\"@type\":\"WebSite\",\"@id\":\"https:\/\/www.aulatal.nl\/aulatal-duits\/#website\",\"url\":\"https:\/\/www.aulatal.nl\/aulatal-duits\/\",\"name\":\"aulatal duits\",\"description\":\"Een andere Aulatal websites site\",\"potentialAction\":[{\"@type\":\"SearchAction\",\"target\":{\"@type\":\"EntryPoint\",\"urlTemplate\":\"https:\/\/www.aulatal.nl\/aulatal-duits\/?s={search_term_string}\"},\"query-input\":{\"@type\":\"PropertyValueSpecification\",\"valueRequired\":true,\"valueName\":\"search_term_string\"}}],\"inLanguage\":\"de\"}]}<\/script>\n<!-- \/ Yoast SEO plugin. -->","yoast_head_json":{"title":"Bungalow 96 - aulatal duits","robots":{"index":"index","follow":"follow","max-snippet":"max-snippet:-1","max-image-preview":"max-image-preview:large","max-video-preview":"max-video-preview:-1"},"canonical":"https:\/\/www.aulatal.nl\/aulatal-duits\/bungalow-96\/","og_locale":"de_DE","og_type":"article","og_title":"Bungalow 96 - aulatal duits","og_description":"[vc_row][vc_column][vc_column_text]Bungalow 96 hat eine bequeme Einrichtung und verf\u00fcgt \u00fcber ein ger\u00e4umiges Wohnzimmer mit offener K\u00fcche, Kamin, Fernsehen, zwei Schlafzimmer (5 Pers.), Badezimmer und Privatgarten mit Terrasse nach S\u00fcden.[\/vc_column_text][\/vc_column][\/vc_row][vc_row][vc_column width=&#8220;1\/3&#8243;][vc_column_text] offene K\u00fcche: Gaskocher (4 Br.), Ofen, Mikrowelle, K\u00fchlschr.\/Gefrierfach Heizung: Kamin und Zentralheizung Fernsehen: Ja 2 Schlafzimmer: 1 Doppelbed + 1 Einzelbett und 1 Etagenbett Anzahl von [&hellip;]","og_url":"https:\/\/www.aulatal.nl\/aulatal-duits\/bungalow-96\/","og_site_name":"aulatal duits","article_modified_time":"2024-10-30T16:07:02+00:00","og_image":[{"width":1975,"height":350,"url":"https:\/\/www.aulatal.nl\/aulatal-duits\/images\/sites\/4\/2015\/06\/bungalow-96-header.jpg","type":"image\/jpeg"}],"twitter_card":"summary_large_image","twitter_misc":{"Gesch\u00e4tzte Lesezeit":"3\u00a0Minuten"},"schema":{"@context":"https:\/\/schema.org","@graph":[{"@type":"WebPage","@id":"https:\/\/www.aulatal.nl\/aulatal-duits\/bungalow-96\/","url":"https:\/\/www.aulatal.nl\/aulatal-duits\/bungalow-96\/","name":"Bungalow 96 - aulatal duits","isPartOf":{"@id":"https:\/\/www.aulatal.nl\/aulatal-duits\/#website"},"primaryImageOfPage":{"@id":"https:\/\/www.aulatal.nl\/aulatal-duits\/bungalow-96\/#primaryimage"},"image":{"@id":"https:\/\/www.aulatal.nl\/aulatal-duits\/bungalow-96\/#primaryimage"},"thumbnailUrl":"https:\/\/www.aulatal.nl\/aulatal-duits\/images\/sites\/4\/2015\/06\/bungalow-96-header.jpg","datePublished":"2015-06-16T07:03:53+00:00","dateModified":"2024-10-30T16:07:02+00:00","breadcrumb":{"@id":"https:\/\/www.aulatal.nl\/aulatal-duits\/bungalow-96\/#breadcrumb"},"inLanguage":"de","potentialAction":[{"@type":"ReadAction","target":["https:\/\/www.aulatal.nl\/aulatal-duits\/bungalow-96\/"]}]},{"@type":"ImageObject","inLanguage":"de","@id":"https:\/\/www.aulatal.nl\/aulatal-duits\/bungalow-96\/#primaryimage","url":"https:\/\/www.aulatal.nl\/aulatal-duits\/images\/sites\/4\/2015\/06\/bungalow-96-header.jpg","contentUrl":"https:\/\/www.aulatal.nl\/aulatal-duits\/images\/sites\/4\/2015\/06\/bungalow-96-header.jpg","width":1975,"height":350},{"@type":"BreadcrumbList","@id":"https:\/\/www.aulatal.nl\/aulatal-duits\/bungalow-96\/#breadcrumb","itemListElement":[{"@type":"ListItem","position":1,"name":"Startseite","item":"https:\/\/www.aulatal.nl\/aulatal-duits\/"},{"@type":"ListItem","position":2,"name":"Bungalow 96"}]},{"@type":"WebSite","@id":"https:\/\/www.aulatal.nl\/aulatal-duits\/#website","url":"https:\/\/www.aulatal.nl\/aulatal-duits\/","name":"aulatal duits","description":"Een andere Aulatal websites site","potentialAction":[{"@type":"SearchAction","target":{"@type":"EntryPoint","urlTemplate":"https:\/\/www.aulatal.nl\/aulatal-duits\/?s={search_term_string}"},"query-input":{"@type":"PropertyValueSpecification","valueRequired":true,"valueName":"search_term_string"}}],"inLanguage":"de"}]}},"_links":{"self":[{"href":"https:\/\/www.aulatal.nl\/aulatal-duits\/wp-json\/wp\/v2\/pages\/42","targetHints":{"allow":["GET"]}}],"collection":[{"href":"https:\/\/www.aulatal.nl\/aulatal-duits\/wp-json\/wp\/v2\/pages"}],"about":[{"href":"https:\/\/www.aulatal.nl\/aulatal-duits\/wp-json\/wp\/v2\/types\/page"}],"author":[{"embeddable":true,"href":"https:\/\/www.aulatal.nl\/aulatal-duits\/wp-json\/wp\/v2\/users\/1"}],"replies":[{"embeddable":true,"href":"https:\/\/www.aulatal.nl\/aulatal-duits\/wp-json\/wp\/v2\/comments?post=42"}],"version-history":[{"count":9,"href":"https:\/\/www.aulatal.nl\/aulatal-duits\/wp-json\/wp\/v2\/pages\/42\/revisions"}],"predecessor-version":[{"id":544,"href":"https:\/\/www.aulatal.nl\/aulatal-duits\/wp-json\/wp\/v2\/pages\/42\/revisions\/544"}],"wp:featuredmedia":[{"embeddable":true,"href":"https:\/\/www.aulatal.nl\/aulatal-duits\/wp-json\/wp\/v2\/media\/423"}],"wp:attachment":[{"href":"https:\/\/www.aulatal.nl\/aulatal-duits\/wp-json\/wp\/v2\/media?parent=42"}],"curies":[{"name":"wp","href":"https:\/\/api.w.org\/{rel}","templated":true}]}}